 4 = -4*c, d - 5*c - 17 - 70 = 0. Suppose 3*m + 286 = d. Let b = m + 189. What is the highest common factor of b and 11?
11
Let h(d) = -3*d**3 - 6*d**2 - 10*d - 14. Let s be h(-5). Let t be (-2 - (2 - 5))*29. Calculate the greatest common factor of t and s.
29
Suppose -3*o - 9 = 0, 66 = 3*n - 4*o + 9. Calculate the highest common factor of n and 50.
5
Let n = 512 + -488. Calculate the highest common divisor of 12 and n.
12
Let l be (-42)/(-54)*33 - 1/(-3). What is the highest common divisor of l and 4?
2
Let h = 376 + -205. Calculate the highest common factor of 228 and h.
57
Let m = -36 - -41. Suppose -8 = -4*v, -46 = -5*h + m*v + 14. What is the greatest common divisor of 14 and h?
14
Let o(d) = -d**2 - 11*d - 11. Let a be o(-9). Let g = 19 - a. Suppose 0*b = -3*b + 2*v + 56, -5*v - 95 = -5*b. What is the greatest common divisor of b and g?
6
Let d be 5 + 1 + 0 + -4. Suppose d*k + 2*k = 1056. Calculate the highest common factor of 24 and k.
24
Let j(x) = x**3 - x**2 - x + 161. Let b be j(0). Let z be (-116 + 1)*(-4 + -5)/45. Calculate the greatest common factor of z and b.
23
Suppose -5*b = 3*w - 27, -10*w + 26 = 4*b - 12*w. Let h be 87/9 + (-2)/3. Calculate the greatest common factor of b and h.
3
Suppose -15*y = -22*y + 364. Suppose -y = -4*p + m, 0*m + 8 = 2*m. Calculate the greatest common factor of 28 and p.
14
Let g = -31 - -49. Let v be 18/(-81) + 148/g. Let w(s) = s**2 + 2*s + 8. Let k be w(-8). What is the greatest common divisor of k and v?
8
Let j be 51 - (0 + 1 + 2). Suppose 0 = -l - 3*l - 4*w + j, -5*l + 70 = -5*w. Suppose 22*p - 442 = -12*p. Calculate the highest common factor of p and l.
13
Let t = 36 + -18. Let a = -15 - -17. Let p = 4 - a. What is the greatest common divisor of p and t?
2
Let k(z) = -5*z**2 + z - 15. Let t(p) = -3*p**2 + p - 10. Let x(v) = -5*k(v) + 8*t(v). Let w be x(4). What is the highest common divisor of w and 46?
23
Let j(z) be the third derivative of -z**4/24 + z**2. Let x be j(0). Let a be ((-72)/28 + x)*-7. What is the greatest common factor of a and 72?
18
Let a be 6/(-15) - 966/(-15). Let g = a - 58. Suppose f - 89 = -23. Calculate the greatest common factor of g and f.
6
Suppose 4*b = -3*n + 3116, 4*n - b - 3265 - 896 = 0. What is the greatest common factor of n and 156?
52
Let o be 6 + 7*2/14 + 9. What is the greatest common factor of o and 48?
16
Let w be ((-62)/(-4) + -1)*(17 + -7). Calculate the greatest common factor of 29 and w.
29
Let i = 63 + -21. Let d be -1*3*(-4)/2. Calculate the highest common factor of d and i.
6
Suppose -10 = 8*h - 6*h. Let m = h + 1. Let q be 54/m*64/(-12). Calculate the greatest common factor of q and 8.
8
Suppose -b = -4*w + 9, 5*b - 21 = -0*w - 2*w. Let j be (-189)/(-9) - w*(-2)/(-3). What is the highest common divisor of 76 and j?
19
Let k(t) = t + 7. Let a be k(13). Let g = 13 + 17. What is the highest common factor of a and g?
10
Let y = -32 - 27. Let o = -98 - y. Let j = o - -61. Calculate the highest common factor of j and 154.
22
Suppose 20 = -2*v + 52. Let s(t) = -t**2 - 6*t + 7. Let i be s(-6). Suppose 3*m - 28 = -5*h + i, 4*m = -h + 24. Calculate the greatest common factor of v and h.
4
Let r = 153 - 121. What is the greatest common divisor of 16 and r?
16
Suppose -273 = -w + 3*a + 182, -a = -3*w + 1365. Calculate the highest common factor of 130 and w.
65
Suppose -2*q + 55 = -2*r + 3309, 4*q + 8134 = 5*r. Calculate the highest common factor of 6 and r.
6
Suppose -2*h = -3*i - 38 - 19, 4*h - 109 = 5*i. Suppose -2*d - 5*x + 42 = 0, -d = -0*x + 3*x - h. What is the greatest common factor of 7 and d?
7
Let q(a) = 28*a**2 - 14*a + 19. Let n be q(5). Calculate the highest common divisor of n and 59.
59
Suppose -3 = j + 5*g, 2*j + 3*j - 135 = 5*g. Suppose h + 0*i = 3*i + 2, 4*h - j = 5*i. Suppose -2 + 0 = -2*y. Calculate the highest common factor of h and y.
1
Suppose -41*u = -29*u - 36. Calculate the greatest common factor of u and 87.
3
Let j(x) = -12*x**3. Suppose -6*b - 2 = 22. Let f be 1 + -1*(b - -6). Let r be j(f). Calculate the greatest common divisor of 24 and r.
12
Suppose 0 = -2*b + 12 - 14. Let o be b*(1 - (-1 - 9/(-3))). What is the greatest common factor of o and 7?
1
Suppose -g - 6 = -3*g. Let l be (g/9)/((-2)/(-42)). Suppose -385 = 2*u - l*u. What is the greatest common divisor of 7 and u?
7
Let a be ((-3)/(-9))/(5/60). Suppose 152 = -a*i + 432. Calculate the highest common divisor of i and 28.
14
Let o = 1066 + -1055. Let m = -66 - -121. What is the greatest common factor of m and o?
11
Suppose 8*q - 20*q = -480. Suppose 4*g - r = q + 314, -3*r + 258 = 3*g. What is the highest common factor of g and 22?
22
Suppose -h - 1 = -t - 2, -2*h - 2*t + 10 = 0. Let q = 21 - 62. Let o = q - -62. Calculate the highest common divisor of h and o.
3
Let u(j) = -j**3 - j**2 + 14*j - 4. Let b be u(-6). Let x = -56 + b. Let r be x/(-42)*1*-14. What is the greatest common factor of 4 and r?
4
Let l(z) = 224*z + 16. Let f be l(1). What is the greatest common divisor of f and 192?
48
Let u be (20/(-8) + 3)*24. What is the greatest common factor of 16 and u?
4
Let b be 14/133 - (-3555)/(-19). Let o = -123 - b. Let t(z) = 4*z. Let n be t(4). Calculate the greatest common factor of n and o.
16
Let m be -8 - (-6 + -29 - -8). Calculate the highest common factor of 247 and m.
19
Suppose -x - x + 2 = 0. Suppose v = 2*f + 14, -f = -2*v + 41 - x. Calculate the greatest common factor of v and 176.
22
Let c be (-4)/((-8136)/812 - -10). Calculate the highest common divisor of c and 21.
7
Let x be -3*(-4)/24*2*17. Calculate the highest common divisor of 1 and x.
1
Let b(s) = 4*s - 26. Let o be b(13). Calculate the highest common divisor of 442 and o.
26
Let t(f) = 6*f + 213. Let g be t(-35). What is the highest common divisor of 4 and g?
1
Let d be 90/(-990) - 266/(-22). Calculate the greatest common divisor of 156 and d.
12
Let d(t) = t**2 + 6*t + 13. Let k be d(-13). Let q be 2/4*(31 - 5). What is the greatest common factor of k and q?
13
Let u = -413 - -417. Let r be 24/(-16)*(-2 + 4) + 7. Calculate the highest common factor of u and r.
4
Let m be (176/(-2))/(1 - 2). Let p(d) = 24*d**2 - 4*d + 2. Let n be p(1). Calculate the greatest common divisor of n and m.
22
Let x = 14 - 2. Let g be 2/(-4 - (-98)/21). What is the greatest common divisor of g and x?
3
Let m(y) = 71 - 6*y - 71. Suppose w + 4*c + 7 = 0, w - 2*c = -0*w - 1. Let g be m(w). What is the greatest common divisor of g and 54?
18
Let m(x) = x**3 - 2*x**2 - 6*x + 5. Let b be m(5). Let w(t) = 80*t - 380. Let s be w(5). What is the greatest common divisor of s and b?
10
Let i be 4/(-3)*3*(-16 - -1). What is the highest common divisor of i and 20?
20
Suppose -3*c - j = -1002, -c = 5*j - 273 - 75. Suppose -5*d + 185 = -0*d. What is the highest common factor of d and c?
37
Let w be (-2)/(-6) + (-235)/(-15). Suppose 0 = 7*z - 3*z + w. Let h be 13 + (0 + z)/2. What is the greatest common divisor of 22 and h?
11
Let l(p) = 3*p**2. Let x be l(-3). Suppose 3*i = 5*d - 69, x = -0*d + 2*d - i. What is the greatest common factor of d and 48?
12
Let j = -16 + 26. Calculate the highest common divisor of j and 145.
5
Let x be 100/5*(-4)/(-5). Let f(g) = -g + 16. Let i be f(x). Suppose -3*a + 0*a + 48 = i. What is the greatest common divisor of a and 8?
8
Let q be 53*(9/6 + 3/(-6)). Let n = q + -52. Suppose 0*d - d + 8 = 0. What is the highest common divisor of d and n?
1
Let b(u) = 6*u**3 + 2*u**2 + 2*u - 10. Let h be b(3). Suppose h = 2*j - 0*j. Let z(t) = -2*t + 1. Let m be z(-5). What is the highest common factor of j and m?
11
Let u(f) = -3*f**2 + 69*f + 73. Let c be u(12). What is the greatest common divisor of c and 14?
7
Suppose -20*q + 691 = -209. Calculate the highest common factor of q and 1125.
45
Let m(v) = -v**3 - v**2 + v + 182. Let n be m(0). Let p = -102 - -61. Let y = p + 67. What is the greatest common factor of y and n?
26
Let d be 7/(-35) - (-292)/10. Let f = 34 - d. Calculate the greatest common factor of 5 and f.
5
Suppose 0 = 4*j + d - 611, 174 = 2*j + 2*d - 130. Let t be -13*(7 + -1) + 3. Let m = 92 + t. What is the greatest common factor of m and j?
17
Let q = -221 + 417. What is the highest common divisor of 14 and q?
14
Let m = -4 + 8. Let l be -1 + m + -3 + 1. Suppose -7*z + 4*z + 3 = 0, i = -4*z